
Is 3919881841 a composite number?
True
Is 727639873 a composite number?
False
Is 15672830647 a composite number?
False
Is 2307369754 composite?
True
Is 72416891719 a prime number?
True
Is 3466490513 prime?
False
Is 15791228309 a composite number?
True
Is 13288653043 prime?
True
Is 88907633 composite?
True
Is 1298341543 a composite number?
True
Is 6709978001 a prime number?
True
Is 58500560627 composite?
False
Is 3392130991 composite?
False
Is 159620051 a composite number?
False
Is 11879843273 a composite number?
True
Is 4442763859 prime?
False
Is 1470490481 a prime number?
True
Is 3207187531 composite?
False
Is 53506365527 a composite number?
True
Is 3352973621 a composite number?
False
Is 1060275311 a prime number?
True
Is 23884057817 a composite number?
False
Is 1589971049 prime?
False
Is 8337471509 a composite number?
False
Is 1139103529 a composite number?
True
Is 5092744673 prime?
True
Is 1000114501 a composite number?
False
Is 5669076619 composite?
True
Is 204376222 a prime number?
False
Is 2240421791 prime?
True
Is 284248915 composite?
True
Is 5778361189 composite?
True
Is 10586931491 prime?
False
Is 21904106149 composite?
True
Is 62544474761 composite?
True
Is 21295297157 a prime number?
True
Is 407398127 prime?
False
Is 53445643049 a prime number?
True
Is 19148464513 prime?
False
Is 2109450973 a prime number?
False
Is 173908561 prime?
True
Is 4833609379 a composite number?
False
Is 16744275323 prime?
False
Is 23955478847 a prime number?
True
Is 228815213 composite?
True
Is 1107161987 a composite number?
False
Is 1807583081 a composite number?
False
Is 7852176289 prime?
True
Is 5148759095 prime?
False
Is 750342227 prime?
False
Is 12213911917 a prime number?
True
Is 506050879 prime?
True
Is 24886490159 prime?
True
Is 227636257 composite?
True
Is 4525307669 prime?
True
Is 577960391 prime?
False
Is 1629485107 composite?
True
Is 10334112857 prime?
True
Is 378511463 a composite number?
True
Is 76572527267 a composite number?
True
Is 4015671293 a composite number?
True
Is 105485527769 a composite number?
True
Is 191481973 a composite number?
False
Is 415707221 a composite number?
True
Is 2657631617 composite?
False
Is 37224610805 prime?
False
Is 578148589 prime?
True
Is 23082536551 a prime number?
True
Is 1438714241 a composite number?
False
Is 93684204611 prime?
False
Is 2209813919 prime?
True
Is 1782775213 a prime number?
False
Is 348273467 prime?
True
Is 16830653591 prime?
True
Is 4364644637 a composite number?
True
Is 64905419086 a composite number?
True
Is 7515791 a prime number?
True
Is 13229578099 prime?
True
Is 5381669921 prime?
True
Is 5054099851 composite?
True
Is 669357173 composite?
False
Is 297025823 a composite number?
False
Is 95517426359 a prime number?
True
Is 125951507977 prime?
False
Is 466574359 composite?
True
Is 107959716649 a composite number?
False
Is 22426139459 prime?
True
Is 14733251339 a composite number?
True
Is 95062454 composite?
True
Is 2031215899 prime?
False
Is 1757016445 composite?
True
Is 43962847 a prime number?
False
Is 400133377 prime?
False
Is 851808439 composite?
False
Is 76334015293 prime?
False
Is 1613250131 a prime number?
True
Is 1019693009 composite?
True
Is 6800330743 a prime number?
False
Is 3432162977 prime?
False
Is 5438306639 a prime number?
True
Is 5988550759 a prime number?
False
Is 482696834 composite?
True
Is 94637407 composite?
False
Is 105104833 a composite number?
False
Is 171109985 prime?
False
Is 9655549411 composite?
False
Is 14992716759 a prime number?
False
Is 108349580021 prime?
True
Is 90782905921 a composite number?
False
Is 45173128643 prime?
False
Is 6630433223 a composite number?
False
Is 643574357 a prime number?
False
Is 75264232763 prime?
True
Is 554830469 a composite number?
False
Is 745878181 a prime number?
True
Is 1107328787 a prime number?
True
Is 968167019 composite?
False
Is 23416681579 a prime number?
True
Is 19682336671 a prime number?
True
Is 485368061 a prime number?
False
Is 2815339409 a prime number?
False
Is 56460680503 a composite number?
True
Is 55115687 prime?
False
Is 1353957223 prime?
True
Is 6625095811 composite?
False
Is 40211574341 a composite number?
True
Is 606551763017 composite?
False
Is 1571045863 a prime number?
False
Is 5053257787 a composite number?
False
Is 36771722549 composite?
True
Is 320589471 prime?
False
Is 49111634503 a composite number?
True
Is 29261808321 composite?
True
Is 1675378037 a composite number?
False
Is 52744036529 a prime number?
True
Is 2788847291 a composite number?
True
Is 9563606257 composite?
True
Is 443664563 composite?
True
Is 2472820957 composite?
False
Is 28022133439 composite?
True
Is 45695491285 composite?
True
Is 321278149 a composite number?
False
Is 12616873177 prime?
False
Is 16889206819 prime?
False
Is 6137761871 a composite number?
False
Is 3876277771 a prime number?
True
Is 11031177071 a prime number?
True
Is 3473957059 a prime number?
True
Is 159473069893 composite?
True
Is 108849733 a prime number?
False
Is 180872546251 prime?
True
Is 28302559783 composite?
False
Is 172670587 a prime number?
False
Is 1997820001 a composite number?
True
Is 2022957697 composite?
False
Is 1551049573 composite?
False
Is 77836258 prime?
False
Is 418055795 a composite number?
True
Is 144661703 composite?
True
Is 20910139441 composite?
True
Is 5305771253 a prime number?
False
Is 29158780843 a composite number?
True
Is 1012061047 a composite number?
False
Is 54618383 a composite number?
True
Is 167592826981 a composite number?
False
Is 21555928565 a prime number?
False
Is 156525011 a prime number?
False
Is 707035279 composite?
False
Is 660539083 a composite number?
False
Is 1558986167 a prime number?
True
Is 599368733 a composite number?
True
Is 304379401 prime?
False
Is 1262927389 composite?
False
Is 3483807029 composite?
False
Is 683632637 a composite number?
True
Is 1293194129 composite?
True
Is 13930451291 composite?
False
Is 8021674363 composite?
False
Is 110260754 a composite number?
True
Is 25136472937 composite?
True
Is 19807977911 a prime number?
True
Is 44222579467 a composite number?
True
Is 659458549 composite?
True
Is 9946601197 a composite number?
True
Is 28945902607 composite?
True
Is 939719791 composite?
False
Is 4470181159 prime?
False
Is 235752357 prime?
False
Is 2110778819 composite?
True
Is 778306702 prime?
False
Is 1039573879 prime?
True
Is 1333510247 a prime number?
True
Is 5734691869 a composite number?
False
Is 28597291678 a prime number?
False
Is 416198924387 composite?
False
Is 112628301161 composite?
False
Is 18080313733 prime?
True
Is 32580061 a composite number?
False
Is 2417918137 a prime number?
True
Is 1789525949 a prime number?
True
Is 78224477 composite?
False
Is 16796345849 a composite number?
True
Is 1468978701 prime?
False
Is 150405929 composite?
True
Is 11734878307 a composite number?
True
Is 84909814601 composite?
False
Is 2160860711 a prime number?
False
Is 66091550683 a composite number?
False
Is 70652720533 a prime number?
False
Is 7497303323 composite?
True
Is 58489247513 a composite number?
False
Is 81664408895 a prime number?
False
Is 3737501431 a composite number?
False
Is 43744692743 composite?
True
Is 858471829 a composite number?
False
Is 745909891 a composite number?
True
Is 330507781 prime?
True
Is 15471065123 a composite number?
False
Is 3011119213 a prime number?
False
Is 6700932157 a composite number?
True
Is 6622224649 a prime number?
False
Is 4708421 a composite number?
False
Is 294479291 a composite number?
False
Is 762445729 composite?
True
Is 46911090887 a prime number?
True
Is 6963831547 a composite number?
True
Is 1118128997 a composite number?
False
Is 565799593 a composite number?
True
Is 15167825033 composite?
False
Is 6378479423 composite?
False
Is 7349747707 prime?
True
Is 1092235757 a prime number?
True
Is 22584343 a prime number?
True
Is 95550374761 composite?
True
Is 2663564219 composite?
True
Is 2421338197 composite?
True
Is 293884422539 prime?
True
Is 26678163557 a composite number?
False
Is 5470523 composite?
True
Is 6547969861 prime?
True
Is 70668421 a composite number?
False
Is 491757169 prime?
True
Is 44248922021 a prime number?
True
Is 16559474219 composite?
True
Is 1713237115 a composite number?
True
Is 2564963003 a composite number?
True
Is 74